CRAN Package Check Results for Package libbib

Last updated on 2022-10-06 06:49:37 CEST.

Flavor Version Tinstall Tcheck Ttotal Status Flags
r-devel-linux-x86_64-debian-clang 1.6.3 4.37 56.54 60.91 OK
r-devel-linux-x86_64-debian-gcc 1.6.3 3.96 42.06 46.02 OK
r-devel-linux-x86_64-fedora-clang 1.6.3 86.22 NOTE
r-devel-linux-x86_64-fedora-gcc 1.6.3 82.92 NOTE
r-devel-windows-x86_64 1.6.3 42.00 95.00 137.00 OK
r-patched-linux-x86_64 1.6.3 5.15 51.58 56.73 OK
r-release-linux-x86_64 1.6.3 5.03 51.71 56.74 OK
r-release-macos-arm64 1.6.3 25.00 NOTE
r-release-macos-x86_64 1.6.3 37.00 NOTE
r-release-windows-x86_64 1.6.3 37.00 88.00 125.00 OK
r-oldrel-macos-arm64 1.6.3 23.00 NOTE
r-oldrel-macos-x86_64 1.6.3 38.00 NOTE
r-oldrel-windows-ix86+x86_64 1.6.3 10.00 80.00 90.00 OK

Check Details

Version: 1.6.3
Check: data for non-ASCII characters
Result: NOTE
     Note: found 22 marked UTF-8 strings
Flavors: r-devel-linux-x86_64-fedora-clang, r-devel-linux-x86_64-fedora-gcc, r-release-macos-arm64, r-release-macos-x86_64, r-oldrel-macos-arm64, r-oldrel-macos-x86_64