CRAN Package Check Results for Package lgrExtra

Last updated on 2023-10-02 19:11:12 CEST.

Flavor Version Tinstall Tcheck Ttotal Status Flags
r-devel-linux-x86_64-debian-clang 0.0.8 14.39 54.49 68.88 OK
r-devel-linux-x86_64-debian-gcc 0.0.8 11.71 40.57 52.28 OK
r-devel-linux-x86_64-fedora-clang 0.0.8 86.46 OK
r-devel-linux-x86_64-fedora-gcc 0.0.8 84.20 OK
r-devel-windows-x86_64 0.0.8 11.00 72.00 83.00 NOTE
r-patched-linux-x86_64 0.0.8 15.58 51.36 66.94 OK
r-release-linux-x86_64 0.0.8 13.27 52.20 65.47 OK
r-release-macos-arm64 0.0.8 31.00 OK
r-release-macos-x86_64 0.0.8 50.00 OK
r-release-windows-x86_64 0.0.8 12.00 80.00 92.00 NOTE
r-oldrel-macos-arm64 0.0.8 33.00 OK
r-oldrel-macos-x86_64 0.0.8 37.00 OK
r-oldrel-windows-x86_64 0.0.8 23.00 81.00 104.00 NOTE

Check Details

Version: 0.0.8
Check: package dependencies
Result: NOTE
    Package suggested but not available for checking: 'rsyslog'
Flavors: r-devel-windows-x86_64, r-release-windows-x86_64, r-oldrel-windows-x86_64