CRAN Package Check Results for Package lgrExtra

Last updated on 2022-10-02 06:52:13 CEST.

Flavor Version Tinstall Tcheck Ttotal Status Flags
r-devel-linux-x86_64-debian-clang 0.0.7 14.93 54.46 69.39 OK
r-devel-linux-x86_64-debian-gcc 0.0.7 10.38 40.95 51.33 OK
r-devel-linux-x86_64-fedora-clang 0.0.7 99.73 NOTE
r-devel-linux-x86_64-fedora-gcc 0.0.7 93.10 OK
r-devel-windows-x86_64 0.0.7 51.00 92.00 143.00 NOTE
r-patched-linux-x86_64 0.0.7 15.11 50.01 65.12 OK
r-release-linux-x86_64 0.0.7 15.31 49.72 65.03 OK
r-release-macos-arm64 0.0.7 27.00 OK
r-release-macos-x86_64 0.0.7 38.00 OK
r-release-windows-x86_64 0.0.7 52.00 92.00 144.00 NOTE
r-oldrel-macos-arm64 0.0.7 30.00 OK
r-oldrel-macos-x86_64 0.0.7 42.00 OK
r-oldrel-windows-ix86+x86_64 0.0.7 26.00 104.00 130.00 WARN

Check Details

Version: 0.0.7
Check: Rd cross-references
Result: NOTE
    Undeclared package ‘R6’ in Rd xrefs
Flavor: r-devel-linux-x86_64-fedora-clang

Version: 0.0.7
Check: package dependencies
Result: NOTE
    Package suggested but not available for checking: 'rsyslog'
Flavors: r-devel-windows-x86_64, r-release-windows-x86_64, r-oldrel-windows-ix86+x86_64

Version: 0.0.7
Check: Rd cross-references
Result: NOTE
    Package unavailable to check Rd xrefs: 'rsyslog'
Flavor: r-oldrel-windows-ix86+x86_64

Version: 0.0.7
Check: for unstated dependencies in ‘tests’
Result: WARN
    Warning: unable to access index for repository https://bioconductor.org/packages/3.14/bioc/src/contrib:
     cannot open URL 'https://bioconductor.org/packages/3.14/bioc/src/contrib/PACKAGES'
    Warning: unable to access index for repository https://bioconductor.org/packages/3.14/data/annotation/src/contrib:
     cannot open URL 'https://bioconductor.org/packages/3.14/data/annotation/src/contrib/PACKAGES'
    Warning: unable to access index for repository https://bioconductor.org/packages/3.14/data/experiment/src/contrib:
     cannot open URL 'https://bioconductor.org/packages/3.14/data/experiment/src/contrib/PACKAGES'
Flavor: r-oldrel-windows-ix86+x86_64