CRAN Package Check Results for Package lfl

Last updated on 2020-05-27 07:51:00 CEST.

Flavor Version Tinstall Tcheck Ttotal Status Flags
r-devel-linux-x86_64-debian-clang 2.0.1 83.16 98.30 181.46 OK
r-devel-linux-x86_64-debian-gcc 2.0.1 59.87 72.53 132.40 OK
r-devel-linux-x86_64-fedora-clang 2.0.1 230.74 OK
r-devel-linux-x86_64-fedora-gcc 2.0.1 211.30 OK
r-devel-windows-ix86+x86_64 2.0.1 197.00 182.00 379.00 NOTE
r-patched-linux-x86_64 2.0.1 59.88 94.78 154.66 OK
r-patched-solaris-x86 2.0.1 225.80 OK
r-release-linux-x86_64 2.0.1 62.78 94.46 157.24 OK
r-release-osx-x86_64 2.0.1 OK
r-release-windows-ix86+x86_64 2.0.1 146.00 179.00 325.00 NOTE
r-oldrel-osx-x86_64 2.0.1 OK
r-oldrel-windows-ix86+x86_64 2.0.1 182.00 211.00 393.00 NOTE

Check Details

Version: 2.0.1
Check: package dependencies
Result: NOTE
    Package suggested but not available for checking: 'doMC'
Flavors: r-devel-windows-ix86+x86_64, r-release-windows-ix86+x86_64, r-oldrel-windows-ix86+x86_64

Version: 2.0.1
Check: Rd cross-references
Result: NOTE
    Package unavailable to check Rd xrefs: 'doMC'
Flavors: r-devel-windows-ix86+x86_64, r-release-windows-ix86+x86_64, r-oldrel-windows-ix86+x86_64