CRAN Package Check Results for Package lfe

Last updated on 2020-10-28 01:49:37 CET.

Flavor Version Tinstall Tcheck Ttotal Status Flags
r-devel-linux-x86_64-debian-clang 2.8-5.1 20.88 236.89 257.77 OK
r-devel-linux-x86_64-debian-gcc 2.8-5.1 14.29 180.95 195.24 OK
r-devel-linux-x86_64-fedora-clang 2.8-5.1 310.72 OK
r-devel-linux-x86_64-fedora-gcc 2.8-5.1 319.63 OK
r-devel-windows-ix86+x86_64 2.8-5.1 53.00 381.00 434.00 OK
r-patched-linux-x86_64 2.8-5.1 OK
r-patched-solaris-x86 2.8-5.1 331.80 NOTE --no-vignettes
r-release-linux-x86_64 2.8-5.1 19.66 222.25 241.91 OK
r-release-macos-x86_64 2.8-5.1 OK
r-release-windows-ix86+x86_64 2.8-5.1 36.00 296.00 332.00 OK
r-oldrel-macos-x86_64 2.8-5.1 OK
r-oldrel-windows-ix86+x86_64 2.8-5.1 46.00 358.00 404.00 OK

Check Details

Version: 2.8-5.1
Flags: --no-vignettes
Check: compilation flags used
Result: NOTE
    Compilation used the following non-portable flag(s):
     ‘-mt’
Flavor: r-patched-solaris-x86