CRAN Package Check Results for Package levitate

Last updated on 2022-10-01 01:49:07 CEST.

Flavor Version Tinstall Tcheck Ttotal Status Flags
r-devel-linux-x86_64-debian-clang 0.1.0 2.38 51.67 54.05 OK
r-devel-linux-x86_64-debian-gcc 0.1.0 1.49 36.75 38.24 OK
r-devel-linux-x86_64-fedora-clang 0.1.0 76.61 NOTE
r-devel-linux-x86_64-fedora-gcc 0.1.0 70.84 NOTE
r-devel-windows-x86_64 0.1.0 21.00 88.00 109.00 OK
r-patched-linux-x86_64 0.1.0 2.57 47.55 50.12 OK
r-release-linux-x86_64 0.1.0 2.33 46.20 48.53 OK
r-release-macos-arm64 0.1.0 22.00 NOTE
r-release-macos-x86_64 0.1.0 30.00 NOTE
r-release-windows-x86_64 0.1.0 6.00 81.00 87.00 OK
r-oldrel-macos-arm64 0.1.0 30.00 NOTE
r-oldrel-macos-x86_64 0.1.0 41.00 NOTE
r-oldrel-windows-ix86+x86_64 0.1.0 8.00 76.00 84.00 OK

Check Details

Version: 0.1.0
Check: dependencies in R code
Result: NOTE
    Namespaces in Imports field not imported from:
     ‘cli’ ‘glue’ ‘stringr’
     All declared Imports should be used.
Flavors: r-devel-linux-x86_64-fedora-clang, r-devel-linux-x86_64-fedora-gcc, r-release-macos-arm64, r-release-macos-x86_64, r-oldrel-macos-arm64, r-oldrel-macos-x86_64