Last updated on 2021-04-09 19:49:31 CEST.
Flavor | Version | Tinstall | Tcheck | Ttotal | Status | Flags |
---|---|---|---|---|---|---|
r-devel-linux-x86_64-debian-clang | 1.0 | 4.19 | 45.33 | 49.52 | NOTE | |
r-devel-linux-x86_64-debian-gcc | 1.0 | 3.30 | 33.89 | 37.19 | NOTE | |
r-devel-linux-x86_64-fedora-clang | 1.0 | 66.69 | NOTE | |||
r-devel-linux-x86_64-fedora-gcc | 1.0 | 54.72 | NOTE | |||
r-devel-windows-ix86+x86_64 | 1.0 | 9.00 | 51.00 | 60.00 | NOTE | |
r-devel-windows-x86_64-gcc10-UCRT | 1.0 | NOTE | ||||
r-patched-linux-x86_64 | 1.0 | 4.25 | 41.72 | 45.97 | OK | |
r-patched-solaris-x86 | 1.0 | 86.00 | OK | |||
r-release-linux-x86_64 | 1.0 | OK | ||||
r-release-macos-x86_64 | 1.0 | OK | ||||
r-release-windows-ix86+x86_64 | 1.0 | 9.00 | 51.00 | 60.00 | OK | |
r-oldrel-macos-x86_64 | 1.0 | OK | ||||
r-oldrel-windows-ix86+x86_64 | 1.0 | 9.00 | 56.00 | 65.00 | OK |
Version: 1.0
Check: LazyData
Result: NOTE
'LazyData' is specified without a 'data' directory
Flavors: r-devel-linux-x86_64-debian-clang, r-devel-linux-x86_64-debian-gcc, r-devel-linux-x86_64-fedora-clang, r-devel-linux-x86_64-fedora-gcc, r-devel-windows-ix86+x86_64, r-devel-windows-x86_64-gcc10-UCRT