Last updated on 2023-02-05 00:55:25 CET.
Flavor | Version | Tinstall | Tcheck | Ttotal | Status | Flags |
---|---|---|---|---|---|---|
r-devel-linux-x86_64-debian-clang | 0.1.2 | 57.36 | 134.84 | 192.20 | OK | |
r-devel-linux-x86_64-debian-gcc | 0.1.2 | 48.19 | 95.70 | 143.89 | OK | |
r-devel-linux-x86_64-fedora-clang | 0.1.2 | 243.17 | OK | |||
r-devel-linux-x86_64-fedora-gcc | 0.1.2 | 248.38 | OK | |||
r-devel-windows-x86_64 | 0.1.2 | 61.00 | 185.00 | 246.00 | NOTE | |
r-patched-linux-x86_64 | 0.1.2 | 48.68 | 122.21 | 170.89 | OK | |
r-release-linux-x86_64 | 0.1.2 | 40.35 | 123.20 | 163.55 | OK | |
r-release-macos-arm64 | 0.1.2 | 52.00 | OK | |||
r-release-macos-x86_64 | 0.1.2 | 84.00 | OK | |||
r-release-windows-x86_64 | 0.1.1 | 60.00 | 189.00 | 249.00 | NOTE | |
r-oldrel-macos-arm64 | 0.1.2 | 56.00 | OK | |||
r-oldrel-macos-x86_64 | 0.1.2 | 92.00 | OK | |||
r-oldrel-windows-ix86+x86_64 | 0.1.2 | 135.00 | 201.00 | 336.00 | NOTE |
Version: 0.1.2
Check: package dependencies
Result: NOTE
Package suggested but not available for checking: 'doMC'
Flavors: r-devel-windows-x86_64, r-oldrel-windows-ix86+x86_64
Version: 0.1.1
Check: package dependencies
Result: NOTE
Package suggested but not available for checking: 'doMC'
Flavor: r-release-windows-x86_64