CRAN Package Check Results for Package legco

Last updated on 2022-10-04 12:53:42 CEST.

Flavor Version Tinstall Tcheck Ttotal Status Flags
r-devel-linux-x86_64-debian-clang 0.1.4 9.73 81.15 90.88 OK
r-devel-linux-x86_64-debian-gcc 0.1.4 8.09 61.06 69.15 OK
r-devel-linux-x86_64-fedora-clang 0.1.4 122.96 NOTE
r-devel-linux-x86_64-fedora-gcc 0.1.4 113.80 NOTE
r-devel-windows-x86_64 0.1.4 108.00 217.00 325.00 OK
r-patched-linux-x86_64 0.1.4 10.76 77.37 88.13 OK
r-release-linux-x86_64 0.1.4 9.35 75.64 84.99 OK
r-release-macos-arm64 0.1.4 113.00 NOTE
r-release-macos-x86_64 0.1.4 145.00 NOTE
r-release-windows-x86_64 0.1.4 108.00 215.00 323.00 OK
r-oldrel-macos-arm64 0.1.4 121.00 NOTE
r-oldrel-macos-x86_64 0.1.4 135.00 NOTE
r-oldrel-windows-ix86+x86_64 0.1.4 18.00 201.00 219.00 OK

Check Details

Version: 0.1.4
Check: data for non-ASCII characters
Result: NOTE
     Note: found 51 marked UTF-8 strings
Flavors: r-devel-linux-x86_64-fedora-clang, r-devel-linux-x86_64-fedora-gcc, r-release-macos-arm64, r-release-macos-x86_64, r-oldrel-macos-arm64, r-oldrel-macos-x86_64