Last updated on 2023-01-31 06:51:26 CET.
Flavor | Version | Tinstall | Tcheck | Ttotal | Status | Flags |
---|---|---|---|---|---|---|
r-devel-linux-x86_64-debian-clang | 5.5.0 | 569.81 | 265.72 | 835.53 | OK | |
r-devel-linux-x86_64-debian-gcc | 5.5.0 | 570.99 | 196.42 | 767.41 | NOTE | |
r-devel-linux-x86_64-fedora-clang | 5.5.0 | 1065.04 | NOTE | |||
r-devel-linux-x86_64-fedora-gcc | 5.5.0 | 1436.92 | NOTE | |||
r-devel-windows-x86_64 | 5.5.0 | 622.00 | 368.00 | 990.00 | NOTE | |
r-patched-linux-x86_64 | 5.5.0 | 532.48 | 240.84 | 773.32 | OK | |
r-release-linux-x86_64 | 5.5.0 | 514.00 | 236.02 | 750.02 | OK | |
r-release-macos-arm64 | 5.5.0 | 166.00 | NOTE | |||
r-release-macos-x86_64 | 5.5.0 | 375.00 | NOTE | |||
r-release-windows-x86_64 | 5.5.0 | 344.00 | 349.00 | 693.00 | NOTE | |
r-oldrel-macos-arm64 | 5.5.0 | 172.00 | NOTE | |||
r-oldrel-macos-x86_64 | 5.5.0 | 372.00 | NOTE | |||
r-oldrel-windows-ix86+x86_64 | 5.5.0 | 1047.00 | 429.00 | 1476.00 | NOTE |
Version: 5.5.0
Check: C++ specification
Result: NOTE
Specified C++11: please update to current default of C++17
Flavors: r-devel-linux-x86_64-debian-gcc, r-devel-linux-x86_64-fedora-clang, r-devel-linux-x86_64-fedora-gcc, r-devel-windows-x86_64
Version: 5.5.0
Check: installed package size
Result: NOTE
installed size is 10.2Mb
sub-directories of 1Mb or more:
doc 2.7Mb
libs 6.1Mb
Flavors: r-devel-linux-x86_64-fedora-clang, r-devel-windows-x86_64, r-release-macos-arm64, r-release-macos-x86_64, r-release-windows-x86_64, r-oldrel-macos-arm64, r-oldrel-macos-x86_64, r-oldrel-windows-ix86+x86_64