CRAN Package Check Results for Package lefko3

Last updated on 2022-08-18 18:50:02 CEST.

Flavor Version Tinstall Tcheck Ttotal Status Flags
r-devel-linux-x86_64-debian-clang 5.4.2 577.02 259.18 836.20 OK
r-devel-linux-x86_64-debian-gcc 5.4.2 593.17 191.90 785.07 OK
r-devel-linux-x86_64-fedora-clang 5.4.2 1103.31 NOTE
r-devel-linux-x86_64-fedora-gcc 5.4.2 1236.94 OK
r-devel-windows-x86_64 5.4.2 297.00 368.00 665.00 NOTE
r-patched-linux-x86_64 5.4.2 512.06 243.10 755.16 OK
r-release-linux-x86_64 5.4.2 OK
r-release-macos-arm64 5.4.2 243.00 NOTE
r-release-macos-x86_64 5.4.2 373.00 NOTE
r-release-windows-x86_64 5.4.2 335.00 327.00 662.00 NOTE
r-oldrel-macos-arm64 5.4.2 248.00 NOTE
r-oldrel-macos-x86_64 5.4.2 371.00 NOTE
r-oldrel-windows-ix86+x86_64 5.4.2 990.00 422.00 1412.00 NOTE

Check Details

Version: 5.4.2
Check: installed package size
Result: NOTE
     installed size is 9.9Mb
     sub-directories of 1Mb or more:
     doc 2.7Mb
     libs 5.8Mb
Flavors: r-devel-linux-x86_64-fedora-clang, r-devel-windows-x86_64, r-release-macos-arm64, r-release-macos-x86_64, r-release-windows-x86_64, r-oldrel-macos-arm64, r-oldrel-macos-x86_64, r-oldrel-windows-ix86+x86_64