CRAN Package Check Results for Package leapp

Last updated on 2020-10-29 13:48:48 CET.

Flavor Version Tinstall Tcheck Ttotal Status Flags
r-devel-linux-x86_64-debian-clang 1.2 20.73 184.69 205.42 NOTE
r-devel-linux-x86_64-debian-gcc 1.2 17.28 136.65 153.93 NOTE
r-devel-linux-x86_64-fedora-clang 1.2 252.31 NOTE
r-devel-linux-x86_64-fedora-gcc 1.2 251.28 NOTE
r-devel-windows-ix86+x86_64 1.2 49.00 205.00 254.00 NOTE
r-patched-linux-x86_64 1.2 19.36 167.80 187.16 NOTE
r-patched-solaris-x86 1.2 344.50 NOTE
r-release-linux-x86_64 1.2 18.17 171.41 189.58 NOTE
r-release-macos-x86_64 1.2 NOTE
r-release-windows-ix86+x86_64 1.2 41.00 207.00 248.00 NOTE
r-oldrel-macos-x86_64 1.2 WARN
r-oldrel-windows-ix86+x86_64 1.2 46.00 189.00 235.00 NOTE

Check Details

Version: 1.2
Check: R code for possible problems
Result: NOTE
    AlternateSVD: no visible binding for global variable 'sd'
    IPOD: no visible global function definition for 'mad'
    IPOD: no visible global function definition for 'pnorm'
    Pvalue: no visible global function definition for 'pf'
    ROCplot: no visible global function definition for 'png'
    ROCplot: no visible global function definition for 'matplot'
    ROCplot: no visible global function definition for 'legend'
    ROCplot: no visible global function definition for 'dev.off'
    leapp: no visible global function definition for 'png'
    leapp: no visible global function definition for 'dev.off'
    ridge: no visible global function definition for 'sd'
    ridge: no visible global function definition for 'pnorm'
    Undefined global functions or variables:
     dev.off legend mad matplot pf png pnorm sd
    Consider adding
     importFrom("grDevices", "dev.off", "png")
     importFrom("graphics", "legend", "matplot")
     importFrom("stats", "mad", "pf", "pnorm", "sd")
    to your NAMESPACE file.
Flavors: r-devel-linux-x86_64-debian-clang, r-devel-linux-x86_64-debian-gcc, r-devel-linux-x86_64-fedora-clang, r-devel-linux-x86_64-fedora-gcc, r-devel-windows-ix86+x86_64, r-patched-linux-x86_64, r-patched-solaris-x86, r-release-linux-x86_64, r-release-macos-x86_64, r-release-windows-ix86+x86_64

Version: 1.2
Check: whether package can be installed
Result: WARN
    Found the following significant warnings:
     Warning: package ‘BiocParallel’ was built under R version 3.6.1
Flavor: r-oldrel-macos-x86_64

Version: 1.2
Check: R code for possible problems
Result: NOTE
    AlternateSVD: no visible binding for global variable ‘sd’
    IPOD: no visible global function definition for ‘mad’
    IPOD: no visible global function definition for ‘pnorm’
    Pvalue: no visible global function definition for ‘pf’
    ROCplot: no visible global function definition for ‘png’
    ROCplot: no visible global function definition for ‘matplot’
    ROCplot: no visible global function definition for ‘legend’
    ROCplot: no visible global function definition for ‘dev.off’
    leapp: no visible global function definition for ‘png’
    leapp: no visible global function definition for ‘plot’
    leapp: no visible global function definition for ‘dev.off’
    ridge: no visible global function definition for ‘sd’
    ridge: no visible global function definition for ‘pnorm’
    Undefined global functions or variables:
     dev.off legend mad matplot pf plot png pnorm sd
    Consider adding
     importFrom("grDevices", "dev.off", "png")
     importFrom("graphics", "legend", "matplot", "plot")
     importFrom("stats", "mad", "pf", "pnorm", "sd")
    to your NAMESPACE file.
Flavors: r-oldrel-macos-x86_64, r-oldrel-windows-ix86+x86_64