CRAN Package Check Results for Package leaftime

Last updated on 2022-09-26 19:50:39 CEST.

Flavor Version Tinstall Tcheck Ttotal Status Flags
r-devel-linux-x86_64-debian-clang 0.2.0 3.10 29.49 32.59 NOTE
r-devel-linux-x86_64-debian-gcc 0.2.0 2.32 23.24 25.56 NOTE
r-devel-linux-x86_64-fedora-clang 0.2.0 52.87 NOTE
r-devel-linux-x86_64-fedora-gcc 0.2.0 48.91 NOTE
r-devel-windows-x86_64 0.2.0 12.00 58.00 70.00 NOTE
r-patched-linux-x86_64 0.2.0 3.30 28.54 31.84 NOTE
r-release-linux-x86_64 0.2.0 3.34 28.87 32.21 NOTE
r-release-macos-arm64 0.2.0 17.00 NOTE
r-release-macos-x86_64 0.2.0 31.00 NOTE
r-release-windows-x86_64 0.2.0 17.00 57.00 74.00 NOTE
r-oldrel-macos-arm64 0.2.0 21.00 NOTE
r-oldrel-macos-x86_64 0.2.0 26.00 NOTE
r-oldrel-windows-ix86+x86_64 0.2.0 9.00 54.00 63.00 NOTE

Check Details

Version: 0.2.0
Check: LazyData
Result: NOTE
     'LazyData' is specified without a 'data' directory
Flavors: r-devel-linux-x86_64-debian-clang, r-devel-linux-x86_64-debian-gcc, r-devel-linux-x86_64-fedora-clang, r-devel-linux-x86_64-fedora-gcc, r-devel-windows-x86_64, r-patched-linux-x86_64, r-release-linux-x86_64, r-release-macos-arm64, r-release-macos-x86_64, r-release-windows-x86_64, r-oldrel-macos-arm64, r-oldrel-macos-x86_64, r-oldrel-windows-ix86+x86_64