CRAN Package Check Results for Package leafsync

Last updated on 2024-06-21 18:52:47 CEST.

Flavor Version Tinstall Tcheck Ttotal Status Flags
r-devel-linux-x86_64-debian-clang 0.1.0 2.43 22.36 24.79 NOTE
r-devel-linux-x86_64-debian-gcc 0.1.0 1.61 17.59 19.20 NOTE
r-devel-linux-x86_64-fedora-clang 0.1.0 31.25 NOTE
r-devel-linux-x86_64-fedora-gcc 0.1.0 29.32 NOTE
r-devel-windows-x86_64 0.1.0 4.00 39.00 43.00 NOTE
r-patched-linux-x86_64 0.1.0 2.34 21.11 23.45 NOTE
r-release-linux-x86_64 0.1.0 2.43 20.93 23.36 NOTE
r-release-macos-arm64 0.1.0 15.00 NOTE
r-release-macos-x86_64 0.1.0 20.00 NOTE
r-release-windows-x86_64 0.1.0 4.00 40.00 44.00 NOTE
r-oldrel-macos-arm64 0.1.0 14.00 NOTE
r-oldrel-macos-x86_64 0.1.0 20.00 NOTE
r-oldrel-windows-x86_64 0.1.0 4.00 40.00 44.00 NOTE

Check Details

Version: 0.1.0
Check: LazyData
Result: NOTE 'LazyData' is specified without a 'data' directory Flavors: r-devel-linux-x86_64-debian-clang, r-devel-linux-x86_64-debian-gcc, r-devel-linux-x86_64-fedora-clang, r-devel-linux-x86_64-fedora-gcc, r-devel-windows-x86_64, r-patched-linux-x86_64, r-release-linux-x86_64, r-release-macos-arm64, r-release-macos-x86_64, r-release-windows-x86_64, r-oldrel-macos-arm64, r-oldrel-macos-x86_64, r-oldrel-windows-x86_64

Version: 0.1.0
Check: dependencies in R code
Result: NOTE Namespace in Imports field not imported from: ‘leaflet’ All declared Imports should be used. Flavors: r-devel-linux-x86_64-fedora-clang, r-devel-linux-x86_64-fedora-gcc