CRAN Package Check Results for Package leaflet.esri

Last updated on 2024-06-13 06:58:06 CEST.

Flavor Version Tinstall Tcheck Ttotal Status Flags
r-devel-linux-x86_64-debian-clang 1.0.0 5.09 31.53 36.62 NOTE
r-devel-linux-x86_64-debian-gcc 1.0.0 0.64 1.72 2.36 ERROR
r-devel-linux-x86_64-fedora-clang 1.0.0 44.41 NOTE
r-devel-linux-x86_64-fedora-gcc 1.0.0 42.44 NOTE
r-devel-windows-x86_64 1.0.0 5.00 47.00 52.00 NOTE
r-patched-linux-x86_64 1.0.0 9.89 31.09 40.98 NOTE
r-release-linux-x86_64 1.0.0 4.06 31.35 35.41 NOTE
r-release-macos-arm64 1.0.0 18.00 NOTE
r-release-macos-x86_64 1.0.0 26.00 NOTE
r-release-windows-x86_64 1.0.0 6.00 50.00 56.00 NOTE
r-oldrel-macos-arm64 1.0.0 18.00 NOTE
r-oldrel-macos-x86_64 1.0.0 27.00 NOTE
r-oldrel-windows-x86_64 1.0.0 6.00 51.00 57.00 NOTE

Check Details

Version: 1.0.0
Check: Rd files
Result: NOTE checkRd: (-1) dynamicMapLayerOptions.Rd:23: Lost braces; missing escapes or markup? 23 | \item{layerDefs}{A string representing a query to run against the service before the image is rendered. This can be a string like "3:STATE_NAME="Kansas"" or an object mapping different queries to specific layers {3:"STATE_NAME="Kansas"", 2:"POP2007>25000"}.} | ^ checkRd: (-1) featureLayerOptions.Rd:35: Lost braces; missing escapes or markup? 35 | Can be an object like {start:"startTime", end:"endTime"} or a string like "created".} | ^ Flavors: r-devel-linux-x86_64-debian-clang, r-devel-linux-x86_64-fedora-clang, r-devel-linux-x86_64-fedora-gcc, r-devel-windows-x86_64, r-patched-linux-x86_64, r-release-linux-x86_64, r-release-macos-arm64, r-release-macos-x86_64, r-release-windows-x86_64

Version: 1.0.0
Check: LazyData
Result: NOTE 'LazyData' is specified without a 'data' directory Flavors: r-devel-linux-x86_64-debian-clang, r-devel-linux-x86_64-fedora-clang, r-devel-linux-x86_64-fedora-gcc, r-devel-windows-x86_64, r-patched-linux-x86_64, r-release-linux-x86_64, r-release-macos-arm64, r-release-macos-x86_64, r-release-windows-x86_64, r-oldrel-macos-arm64, r-oldrel-macos-x86_64, r-oldrel-windows-x86_64

Version: 1.0.0
Check: package dependencies
Result: ERROR Package required but not available: ‘leaflet.extras’ See section ‘The DESCRIPTION file’ in the ‘Writing R Extensions’ manual. Flavor: r-devel-linux-x86_64-debian-gcc