CRAN Package Check Results for Package leafR

Last updated on 2022-11-30 06:53:32 CET.

Flavor Version Tinstall Tcheck Ttotal Status Flags
r-devel-linux-x86_64-debian-clang 0.3.5 30.81 325.48 356.29 NOTE
r-devel-linux-x86_64-debian-gcc 0.3.5 25.82 236.34 262.16 NOTE
r-devel-linux-x86_64-fedora-clang 0.3.5 450.40 NOTE
r-devel-linux-x86_64-fedora-gcc 0.3.5 463.40 NOTE
r-devel-windows-x86_64 0.3.5 36.00 310.00 346.00 NOTE
r-patched-linux-x86_64 0.3.5 30.57 307.09 337.66 OK
r-release-linux-x86_64 0.3.5 33.97 312.87 346.84 OK
r-release-macos-arm64 0.3.5 62.00 OK
r-release-macos-x86_64 0.3.5 167.00 OK
r-release-windows-x86_64 0.3.5 38.00 327.00 365.00 OK
r-oldrel-macos-arm64 0.3.5 48.00 OK
r-oldrel-macos-x86_64 0.3.5 55.00 OK
r-oldrel-windows-ix86+x86_64 0.3.5 72.00 317.00 389.00 OK

Check Details

Version: 0.3.5
Check: package subdirectories
Result: NOTE
    Problems with news in 'NEWS.md':
     Cannot extract version info from the following section titles:
     light.interception.voxels() - This function create the Fraction absorbed incident light
     light.interception.raster() - Create a raster of Fraction absorbed incident light
     light.incident.voxels() - This function create the Fraction incident light
     light.incident.raster() - Create a raster of the Fraction incident light
Flavors: r-devel-linux-x86_64-debian-clang, r-devel-linux-x86_64-debian-gcc, r-devel-linux-x86_64-fedora-clang, r-devel-linux-x86_64-fedora-gcc, r-devel-windows-x86_64