CRAN Package Check Results for Package ldsr

Last updated on 2022-10-06 12:55:28 CEST.

Flavor Version Tinstall Tcheck Ttotal Status Flags
r-devel-linux-x86_64-debian-clang 0.0.2 49.45 75.50 124.95 NOTE
r-devel-linux-x86_64-debian-gcc 0.0.2 39.98 55.29 95.27 NOTE
r-devel-linux-x86_64-fedora-clang 0.0.2 176.00 NOTE
r-devel-linux-x86_64-fedora-gcc 0.0.2 161.46 NOTE
r-devel-windows-x86_64 0.0.2 51.00 127.00 178.00 NOTE
r-patched-linux-x86_64 0.0.2 44.58 68.19 112.77 OK
r-release-linux-x86_64 0.0.2 45.43 68.87 114.30 OK
r-release-macos-arm64 0.0.2 45.00 OK
r-release-macos-x86_64 0.0.2 70.00 OK
r-release-windows-x86_64 0.0.2 49.00 124.00 173.00 OK
r-oldrel-macos-arm64 0.0.2 54.00 OK
r-oldrel-macos-x86_64 0.0.2 83.00 OK
r-oldrel-windows-ix86+x86_64 0.0.2 119.00 136.00 255.00 OK

Check Details

Version: 0.0.2
Check: package subdirectories
Result: NOTE
    Problems with news in 'NEWS.md':
    No news entries found.
Flavors: r-devel-linux-x86_64-debian-clang, r-devel-linux-x86_64-debian-gcc, r-devel-linux-x86_64-fedora-clang, r-devel-linux-x86_64-fedora-gcc, r-devel-windows-x86_64