CRAN Package Check Results for Package ldsep

Last updated on 2022-09-29 12:55:29 CEST.

Flavor Version Tinstall Tcheck Ttotal Status Flags
r-devel-linux-x86_64-debian-clang 2.1.4 127.69 122.61 250.30 WARN
r-devel-linux-x86_64-debian-gcc 2.1.4 108.36 88.43 196.79 OK
r-devel-linux-x86_64-fedora-clang 2.1.4 381.99 WARN
r-devel-linux-x86_64-fedora-gcc 2.1.4 358.01 OK
r-devel-windows-x86_64 2.1.4 108.00 187.00 295.00 OK
r-patched-linux-x86_64 2.1.4 116.40 113.51 229.91 OK
r-release-linux-x86_64 2.1.4 113.32 116.81 230.13 OK
r-release-macos-arm64 2.1.4 68.00 NOTE
r-release-macos-x86_64 2.1.4 115.00 NOTE
r-release-windows-x86_64 2.1.4 193.00 190.00 383.00 OK
r-oldrel-macos-arm64 2.1.4 74.00 NOTE
r-oldrel-macos-x86_64 2.1.4 108.00 NOTE
r-oldrel-windows-ix86+x86_64 2.1.4 330.00 216.00 546.00 OK

Additional issues

clang14

Check Details

Version: 2.1.4
Check: whether package can be installed
Result: WARN
    Found the following significant warnings:
     em.cpp:103:7: warning: use of bitwise '&' with boolean operands [-Wbitwise-instead-of-logical]
Flavors: r-devel-linux-x86_64-debian-clang, r-devel-linux-x86_64-fedora-clang

Version: 2.1.4
Check: package dependencies
Result: NOTE
    Package suggested but not available for checking: ‘VariantAnnotation’
Flavor: r-release-macos-arm64

Version: 2.1.4
Check: installed package size
Result: NOTE
     installed size is 6.0Mb
     sub-directories of 1Mb or more:
     libs 5.2Mb
Flavors: r-release-macos-arm64, r-release-macos-x86_64, r-oldrel-macos-arm64, r-oldrel-macos-x86_64