CRAN Package Check Results for Package ldhmm

Last updated on 2022-10-06 12:55:28 CEST.

Flavor Version Tinstall Tcheck Ttotal Status Flags
r-devel-linux-x86_64-debian-clang 0.5.1 12.19 106.15 118.34 NOTE
r-devel-linux-x86_64-debian-gcc 0.5.1 8.86 78.60 87.46 NOTE
r-devel-linux-x86_64-fedora-clang 0.5.1 156.56 NOTE
r-devel-linux-x86_64-fedora-gcc 0.5.1 146.08 NOTE
r-devel-windows-x86_64 0.5.1 25.00 130.00 155.00 NOTE
r-patched-linux-x86_64 0.5.1 12.02 100.08 112.10 NOTE
r-release-linux-x86_64 0.5.1 10.63 101.55 112.18 NOTE
r-release-macos-arm64 0.5.1 37.00 NOTE
r-release-macos-x86_64 0.5.1 73.00 NOTE
r-release-windows-x86_64 0.5.1 31.00 127.00 158.00 NOTE
r-oldrel-macos-arm64 0.5.1 46.00 NOTE
r-oldrel-macos-x86_64 0.5.1 66.00 NOTE
r-oldrel-windows-ix86+x86_64 0.5.1 27.00 122.00 149.00 NOTE

Check Details

Version: 0.5.1
Check: LazyData
Result: NOTE
     'LazyData' is specified without a 'data' directory
Flavors: r-devel-linux-x86_64-debian-clang, r-devel-linux-x86_64-debian-gcc, r-devel-linux-x86_64-fedora-clang, r-devel-linux-x86_64-fedora-gcc, r-devel-windows-x86_64, r-patched-linux-x86_64, r-release-linux-x86_64, r-release-macos-arm64, r-release-macos-x86_64, r-release-windows-x86_64, r-oldrel-macos-arm64, r-oldrel-macos-x86_64, r-oldrel-windows-ix86+x86_64