CRAN Package Check Results for Package lcc

Last updated on 2020-10-30 07:49:58 CET.

Flavor Version Tinstall Tcheck Ttotal Status Flags
r-devel-linux-x86_64-debian-clang 1.1.1 8.58 70.54 79.12 OK
r-devel-linux-x86_64-debian-gcc 1.1.1 7.31 52.96 60.27 OK
r-devel-linux-x86_64-fedora-clang 1.1.1 102.30 NOTE
r-devel-linux-x86_64-fedora-gcc 1.1.1 92.53 OK
r-devel-windows-ix86+x86_64 1.1.1 19.00 68.00 87.00 OK
r-patched-linux-x86_64 1.1.1 9.69 64.00 73.69 OK
r-patched-solaris-x86 1.1.1 121.30 OK
r-release-linux-x86_64 1.1.1 10.12 63.91 74.03 OK
r-release-macos-x86_64 1.1.1 OK
r-release-windows-ix86+x86_64 1.1.1 14.00 68.00 82.00 OK
r-oldrel-macos-x86_64 1.1.1 OK
r-oldrel-windows-ix86+x86_64 1.1.1 16.00 85.00 101.00 OK

Check Details

Version: 1.1.1
Check: Rd cross-references
Result: NOTE
    Undeclared package ‘gridExtra’ in Rd xrefs
Flavor: r-devel-linux-x86_64-fedora-clang