Last updated on 2022-08-12 21:53:05 CEST.
Flavor | Version | Tinstall | Tcheck | Ttotal | Status | Flags |
---|---|---|---|---|---|---|
r-devel-linux-x86_64-debian-clang | 1.0 | 10.35 | 94.41 | 104.76 | OK | |
r-devel-linux-x86_64-debian-gcc | 1.0 | 7.78 | 71.98 | 79.76 | OK | |
r-devel-linux-x86_64-fedora-clang | 1.0 | 134.53 | NOTE | |||
r-devel-linux-x86_64-fedora-gcc | 1.0 | 134.74 | NOTE | |||
r-devel-windows-x86_64 | 1.0 | 15.00 | 121.00 | 136.00 | OK | |
r-patched-linux-x86_64 | 1.0 | 8.99 | 90.39 | 99.38 | OK | |
r-release-linux-x86_64 | 1.0 | 8.50 | 90.57 | 99.07 | OK | |
r-release-macos-arm64 | 1.0 | 40.00 | NOTE | |||
r-release-macos-x86_64 | 1.0 | 54.00 | NOTE | |||
r-release-windows-x86_64 | 1.0 | 17.00 | 128.00 | 145.00 | OK | |
r-oldrel-macos-arm64 | 1.0 | 39.00 | NOTE | |||
r-oldrel-macos-x86_64 | 1.0 | 51.00 | NOTE | |||
r-oldrel-windows-ix86+x86_64 | 1.0 | 19.00 | 119.00 | 138.00 | ERROR |
Version: 1.0
Check: dependencies in R code
Result: NOTE
Namespace in Imports field not imported from: ‘parallel’
All declared Imports should be used.
Flavors: r-devel-linux-x86_64-fedora-clang, r-devel-linux-x86_64-fedora-gcc, r-release-macos-arm64, r-release-macos-x86_64, r-oldrel-macos-arm64, r-oldrel-macos-x86_64
Version: 1.0
Check: PDF version of manual
Result: WARN
LaTeX errors when creating PDF version.
This typically indicates Rd problems.
LaTeX errors found:
! Package inputenc Error: Unicode char â<c2><80><c2><90> (U+2010)
(inputenc) not set up for use with LaTeX.
See the inputenc package documentation for explanation.
Type H <return> for immediate help.
Flavor: r-oldrel-windows-ix86+x86_64
Version: 1.0
Check: PDF version of manual without hyperrefs or index
Result: ERROR
Flavor: r-oldrel-windows-ix86+x86_64