CRAN Package Check Results for Package lazysf

Last updated on 2022-09-24 18:56:27 CEST.

Flavor Version Tinstall Tcheck Ttotal Status Flags
r-devel-linux-x86_64-debian-clang 0.1.0 9.52 71.37 80.89 NOTE
r-devel-linux-x86_64-debian-gcc 0.1.0 7.19 54.11 61.30 NOTE
r-devel-linux-x86_64-fedora-clang 0.1.0 103.99 NOTE
r-devel-linux-x86_64-fedora-gcc 0.1.0 100.51 NOTE
r-devel-windows-x86_64 0.1.0 24.00 93.00 117.00 NOTE
r-patched-linux-x86_64 0.1.0 13.81 66.24 80.05 NOTE
r-release-linux-x86_64 0.1.0 7.97 67.08 75.05 NOTE
r-release-macos-arm64 0.1.0 29.00 NOTE
r-release-macos-x86_64 0.1.0 54.00 NOTE
r-release-windows-x86_64 0.1.0 24.00 96.00 120.00 NOTE
r-oldrel-macos-arm64 0.1.0 36.00 NOTE
r-oldrel-macos-x86_64 0.1.0 52.00 NOTE
r-oldrel-windows-ix86+x86_64 0.1.0 21.00 92.00 113.00 NOTE

Check Details

Version: 0.1.0
Check: LazyData
Result: NOTE
     'LazyData' is specified without a 'data' directory
Flavors: r-devel-linux-x86_64-debian-clang, r-devel-linux-x86_64-debian-gcc, r-devel-linux-x86_64-fedora-clang, r-devel-linux-x86_64-fedora-gcc, r-devel-windows-x86_64, r-patched-linux-x86_64, r-release-linux-x86_64, r-release-macos-arm64, r-release-macos-x86_64, r-release-windows-x86_64, r-oldrel-macos-arm64, r-oldrel-macos-x86_64, r-oldrel-windows-ix86+x86_64