CRAN Package Check Results for Package lazyeval

Last updated on 2022-08-08 00:54:11 CEST.

Flavor Version Tinstall Tcheck Ttotal Status Flags
r-devel-linux-x86_64-debian-clang 0.2.2 3.94 35.14 39.08 NOTE
r-devel-linux-x86_64-debian-gcc 0.2.2 3.34 26.91 30.25 NOTE
r-devel-linux-x86_64-fedora-clang 0.2.2 58.14 NOTE
r-devel-linux-x86_64-fedora-gcc 0.2.2 56.21 NOTE
r-devel-windows-x86_64 0.2.2 37.00 67.00 104.00 NOTE
r-patched-linux-x86_64 0.2.2 3.82 33.58 37.40 NOTE
r-release-linux-x86_64 0.2.2 3.54 32.55 36.09 NOTE
r-release-macos-arm64 0.2.2 21.00 NOTE
r-release-macos-x86_64 0.2.2 33.00 NOTE
r-release-windows-x86_64 0.2.2 32.00 69.00 101.00 NOTE
r-oldrel-macos-arm64 0.2.2 26.00 NOTE
r-oldrel-macos-x86_64 0.2.2 40.00 NOTE
r-oldrel-windows-ix86+x86_64 0.2.2 14.00 69.00 83.00 NOTE

Check Details

Version: 0.2.2
Check: LazyData
Result: NOTE
     'LazyData' is specified without a 'data' directory
Flavors: r-devel-linux-x86_64-debian-clang, r-devel-linux-x86_64-debian-gcc, r-devel-linux-x86_64-fedora-clang, r-devel-linux-x86_64-fedora-gcc, r-devel-windows-x86_64, r-patched-linux-x86_64, r-release-linux-x86_64, r-release-macos-arm64, r-release-macos-x86_64, r-release-windows-x86_64, r-oldrel-macos-arm64, r-oldrel-macos-x86_64, r-oldrel-windows-ix86+x86_64