CRAN Package Check Results for Package lavaan.shiny

Last updated on 2024-05-29 00:54:28 CEST.

Flavor Version Tinstall Tcheck Ttotal Status Flags
r-devel-linux-x86_64-debian-clang 1.2 21.28 153.18 174.46 NOTE
r-devel-linux-x86_64-debian-gcc 1.2 15.12 114.40 129.52 NOTE
r-devel-linux-x86_64-fedora-clang 1.2 219.70 NOTE
r-devel-linux-x86_64-fedora-gcc 1.2 205.90 NOTE
r-devel-windows-x86_64 1.2 17.00 126.00 143.00 NOTE
r-patched-linux-x86_64 1.2 12.34 147.40 159.74 NOTE
r-release-linux-x86_64 1.2 15.57 150.42 165.99 NOTE
r-release-macos-arm64 1.2 61.00 NOTE
r-release-windows-x86_64 1.2 17.00 119.00 136.00 NOTE
r-oldrel-macos-arm64 1.2 67.00 NOTE
r-oldrel-macos-x86_64 1.2 109.00 NOTE
r-oldrel-windows-x86_64 1.2 23.00 151.00 174.00 NOTE

Check Details

Version: 1.2
Check: LazyData
Result: NOTE 'LazyData' is specified without a 'data' directory Flavors: r-devel-linux-x86_64-debian-clang, r-devel-linux-x86_64-debian-gcc, r-devel-linux-x86_64-fedora-clang, r-devel-linux-x86_64-fedora-gcc, r-devel-windows-x86_64, r-patched-linux-x86_64, r-release-linux-x86_64, r-release-macos-arm64, r-release-windows-x86_64, r-oldrel-macos-arm64, r-oldrel-macos-x86_64, r-oldrel-windows-x86_64