CRAN Package Check Results for Package latentcor

Last updated on 2022-09-29 12:55:29 CEST.

Flavor Version Tinstall Tcheck Ttotal Status Flags
r-devel-linux-x86_64-debian-clang 2.0.1 37.38 191.68 229.06 OK
r-devel-linux-x86_64-debian-gcc 2.0.1 29.13 144.26 173.39 OK
r-devel-linux-x86_64-fedora-clang 2.0.1 286.26 WARN
r-devel-linux-x86_64-fedora-gcc 2.0.1 272.21 OK
r-devel-windows-x86_64 2.0.1 52.00 213.00 265.00 OK
r-patched-linux-x86_64 2.0.1 21.34 179.12 200.46 OK
r-release-linux-x86_64 2.0.1 23.38 175.62 199.00 OK
r-release-macos-arm64 2.0.1 79.00 OK
r-release-macos-x86_64 2.0.1 110.00 OK
r-release-windows-x86_64 2.0.1 51.00 221.00 272.00 OK
r-oldrel-macos-arm64 2.0.1 82.00 OK
r-oldrel-macos-x86_64 2.0.1 113.00 OK
r-oldrel-windows-ix86+x86_64 2.0.1 69.00 282.00 351.00 OK

Check Details

Version: 2.0.1
Check: if this is a source package
Result: WARN
    Subdirectory ‘latentcor/src’ contains apparent object files/libraries
     ipol.o
    Object files/libraries should not be included in a source package.
Flavor: r-devel-linux-x86_64-fedora-clang