CRAN Package Check Results for Package lans2r

Last updated on 2022-08-17 12:55:17 CEST.

Flavor Version Tinstall Tcheck Ttotal Status Flags
r-devel-linux-x86_64-debian-clang 1.1.0 7.94 120.27 128.21 NOTE
r-devel-linux-x86_64-debian-gcc 1.1.0 NOTE
r-devel-linux-x86_64-fedora-clang 1.1.0 163.54 NOTE
r-devel-linux-x86_64-fedora-gcc 1.1.0 161.51 NOTE
r-devel-windows-x86_64 1.1.0 13.00 154.00 167.00 NOTE
r-patched-linux-x86_64 1.1.0 8.00 112.07 120.07 NOTE
r-release-linux-x86_64 1.1.0 5.47 115.79 121.26 NOTE
r-release-macos-arm64 1.1.0 57.00 NOTE
r-release-macos-x86_64 1.1.0 117.00 NOTE
r-release-windows-x86_64 1.1.0 13.00 154.00 167.00 NOTE
r-oldrel-macos-arm64 1.1.0 72.00 NOTE
r-oldrel-macos-x86_64 1.1.0 92.00 NOTE
r-oldrel-windows-ix86+x86_64 1.1.0 20.00 149.00 169.00 NOTE

Check Details

Version: 1.1.0
Check: LazyData
Result: NOTE
     'LazyData' is specified without a 'data' directory
Flavors: r-devel-linux-x86_64-debian-clang, r-devel-linux-x86_64-debian-gcc, r-devel-linux-x86_64-fedora-clang, r-devel-linux-x86_64-fedora-gcc, r-devel-windows-x86_64, r-patched-linux-x86_64, r-release-linux-x86_64, r-release-macos-arm64, r-release-macos-x86_64, r-release-windows-x86_64, r-oldrel-macos-arm64, r-oldrel-macos-x86_64, r-oldrel-windows-ix86+x86_64