CRAN Package Check Results for Package languageserver

Last updated on 2022-10-04 12:53:42 CEST.

Flavor Version Tinstall Tcheck Ttotal Status Flags
r-devel-linux-x86_64-debian-clang 0.3.13 22.99 47.94 70.93 OK
r-devel-linux-x86_64-debian-gcc 0.3.13 17.80 35.71 53.51 OK
r-devel-linux-x86_64-fedora-clang 0.3.13 97.73 NOTE
r-devel-linux-x86_64-fedora-gcc 0.3.13 92.56 NOTE
r-devel-windows-x86_64 0.3.13 143.00 83.00 226.00 OK
r-patched-linux-x86_64 0.3.13 16.26 46.17 62.43 OK
r-release-linux-x86_64 0.3.13 16.46 46.38 62.84 OK
r-release-macos-arm64 0.3.13 32.00 NOTE
r-release-macos-x86_64 0.3.13 39.00 NOTE
r-release-windows-x86_64 0.3.13 135.00 72.00 207.00 OK
r-oldrel-macos-arm64 0.3.13 30.00 NOTE
r-oldrel-macos-x86_64 0.3.13 38.00 NOTE
r-oldrel-windows-ix86+x86_64 0.3.13 43.00 80.00 123.00 OK

Check Details

Version: 0.3.13
Check: dependencies in R code
Result: NOTE
    Namespaces in Imports field not imported from:
     ‘callr’ ‘parallel’
     All declared Imports should be used.
Flavors: r-devel-linux-x86_64-fedora-clang, r-devel-linux-x86_64-fedora-gcc, r-release-macos-arm64, r-release-macos-x86_64, r-oldrel-macos-arm64, r-oldrel-macos-x86_64