CRAN Package Check Results for Package lagsarlmtree

Last updated on 2024-06-22 06:50:49 CEST.

Flavor Version Tinstall Tcheck Ttotal Status Flags
r-devel-linux-x86_64-debian-clang 1.0-1 12.91 112.82 125.73 OK
r-devel-linux-x86_64-debian-gcc 1.0-1 10.45 85.81 96.26 OK
r-devel-linux-x86_64-fedora-clang 1.0-1 149.98 NOTE
r-devel-linux-x86_64-fedora-gcc 1.0-1 143.84 OK
r-devel-windows-x86_64 1.0-1 11.00 94.00 105.00 NOTE
r-patched-linux-x86_64 1.0-1 9.71 108.03 117.74 OK
r-release-linux-x86_64 1.0-1 13.34 108.05 121.39 OK
r-release-macos-arm64 1.0-1 45.00 NOTE
r-release-macos-x86_64 1.0-1 69.00 NOTE
r-release-windows-x86_64 1.0-1 11.00 97.00 108.00 NOTE
r-oldrel-macos-arm64 1.0-1 48.00 NOTE
r-oldrel-macos-x86_64 1.0-1 89.00 NOTE
r-oldrel-windows-x86_64 1.0-1 15.00 115.00 130.00 NOTE

Check Details

Version: 1.0-1
Check: installed package size
Result: NOTE installed size is 8.4Mb sub-directories of 1Mb or more: data 8.3Mb Flavors: r-devel-linux-x86_64-fedora-clang, r-devel-windows-x86_64, r-release-macos-arm64, r-release-macos-x86_64, r-release-windows-x86_64, r-oldrel-macos-arm64, r-oldrel-macos-x86_64, r-oldrel-windows-x86_64

Version: 1.0-1
Check: Rd cross-references
Result: NOTE Undeclared package ‘spdep’ in Rd xrefs Flavor: r-devel-linux-x86_64-fedora-clang