CRAN Package Check Results for Package labdsv

Last updated on 2022-09-28 00:52:45 CEST.

Flavor Version Tinstall Tcheck Ttotal Status Flags
r-devel-linux-x86_64-debian-clang 2.0-1 12.30 106.19 118.49 OK
r-devel-linux-x86_64-debian-gcc 2.0-1 11.90 78.77 90.67 OK
r-devel-linux-x86_64-fedora-clang 2.0-1 157.12 NOTE
r-devel-linux-x86_64-fedora-gcc 2.0-1 150.72 NOTE
r-devel-windows-x86_64 2.0-1 39.00 151.00 190.00 OK
r-patched-linux-x86_64 2.0-1 14.23 99.67 113.90 OK
r-release-linux-x86_64 2.0-1 12.30 100.55 112.85 OK
r-release-macos-arm64 2.0-1 44.00 OK
r-release-macos-x86_64 2.0-1 61.00 OK
r-release-windows-x86_64 2.0-1 22.00 154.00 176.00 OK
r-oldrel-macos-arm64 2.0-1 50.00 OK
r-oldrel-macos-x86_64 2.0-1 81.00 OK
r-oldrel-windows-ix86+x86_64 2.0-1 34.00 178.00 212.00 OK

Check Details

Version: 2.0-1
Check: Rd cross-references
Result: NOTE
    Undeclared package ‘fso’ in Rd xrefs
Flavor: r-devel-linux-x86_64-fedora-clang

Version: 2.0-1
Check: compiled code
Result: NOTE
    File ‘labdsv/libs/labdsv.so’:
     Found no calls to: ‘R_registerRoutines’, ‘R_useDynamicSymbols’
    
    It is good practice to register native routines and to disable symbol
    search.
    
    See ‘Writing portable packages’ in the ‘Writing R Extensions’ manual.
Flavors: r-devel-linux-x86_64-fedora-clang, r-devel-linux-x86_64-fedora-gcc