CRAN Package Check Results for Package kriging

Last updated on 2022-10-02 00:55:11 CEST.

Flavor Version Tinstall Tcheck Ttotal Status Flags
r-devel-linux-x86_64-debian-clang 1.2 3.23 23.85 27.08 OK
r-devel-linux-x86_64-debian-gcc 1.2 2.20 18.50 20.70 OK
r-devel-linux-x86_64-fedora-clang 1.2 45.72 NOTE
r-devel-linux-x86_64-fedora-gcc 1.2 42.63 NOTE
r-devel-windows-x86_64 1.2 10.00 51.00 61.00 OK
r-patched-linux-x86_64 1.2 2.96 22.79 25.75 OK
r-release-linux-x86_64 1.2 2.60 23.11 25.71 OK
r-release-macos-arm64 1.2 15.00 OK
r-release-macos-x86_64 1.2 21.00 OK
r-release-windows-x86_64 1.2 17.00 49.00 66.00 OK
r-oldrel-macos-arm64 1.2 14.00 OK
r-oldrel-macos-x86_64 1.2 24.00 OK
r-oldrel-windows-ix86+x86_64 1.2 8.00 56.00 64.00 OK

Check Details

Version: 1.2
Check: compiled code
Result: NOTE
    File ‘kriging/libs/kriging.so’:
     Found no calls to: ‘R_registerRoutines’, ‘R_useDynamicSymbols’
    
    It is good practice to register native routines and to disable symbol
    search.
    
    See ‘Writing portable packages’ in the ‘Writing R Extensions’ manual.
Flavors: r-devel-linux-x86_64-fedora-clang, r-devel-linux-x86_64-fedora-gcc