CRAN Package Check Results for Package kpcalg

Last updated on 2022-10-01 07:08:00 CEST.

Flavor Version Tinstall Tcheck Ttotal Status Flags
r-devel-linux-x86_64-debian-clang 1.0.1 17.80 295.48 313.28 NOTE
r-devel-linux-x86_64-debian-gcc 1.0.1 13.64 227.14 240.78 NOTE
r-devel-linux-x86_64-fedora-clang 1.0.1 387.43 NOTE
r-devel-linux-x86_64-fedora-gcc 1.0.1 378.41 NOTE
r-devel-windows-x86_64 1.0.1 21.00 325.00 346.00 NOTE
r-patched-linux-x86_64 1.0.1 19.21 285.50 304.71 NOTE
r-release-linux-x86_64 1.0.1 14.70 286.08 300.78 NOTE
r-release-macos-arm64 1.0.1 119.00 NOTE
r-release-macos-x86_64 1.0.1 142.00 NOTE
r-release-windows-x86_64 1.0.1 19.00 317.00 336.00 NOTE
r-oldrel-macos-arm64 1.0.1 156.00 NOTE
r-oldrel-macos-x86_64 1.0.1 154.00 NOTE
r-oldrel-windows-ix86+x86_64 1.0.1 33.00 309.00 342.00 NOTE

Check Details

Version: 1.0.1
Check: LazyData
Result: NOTE
     'LazyData' is specified without a 'data' directory
Flavors: r-devel-linux-x86_64-debian-clang, r-devel-linux-x86_64-debian-gcc, r-devel-linux-x86_64-fedora-clang, r-devel-linux-x86_64-fedora-gcc, r-devel-windows-x86_64, r-patched-linux-x86_64, r-release-linux-x86_64, r-release-macos-arm64, r-release-macos-x86_64, r-release-windows-x86_64, r-oldrel-macos-arm64, r-oldrel-macos-x86_64, r-oldrel-windows-ix86+x86_64