Last updated on 2022-08-17 12:55:17 CEST.
Flavor | Version | Tinstall | Tcheck | Ttotal | Status | Flags |
---|---|---|---|---|---|---|
r-devel-linux-x86_64-debian-clang | 0.4.0 | 7.64 | 96.16 | 103.80 | OK | |
r-devel-linux-x86_64-debian-gcc | 0.4.0 | OK | ||||
r-devel-linux-x86_64-fedora-clang | 0.4.0 | 132.91 | NOTE | |||
r-devel-linux-x86_64-fedora-gcc | 0.4.0 | 126.81 | NOTE | |||
r-devel-windows-x86_64 | 0.4.0 | 20.00 | 118.00 | 138.00 | OK | |
r-patched-linux-x86_64 | 0.4.0 | 8.98 | 88.35 | 97.33 | OK | |
r-release-linux-x86_64 | 0.4.0 | 5.36 | 93.92 | 99.28 | OK | |
r-release-macos-arm64 | 0.4.0 | 38.00 | NOTE | |||
r-release-macos-x86_64 | 0.4.0 | 68.00 | NOTE | |||
r-release-windows-x86_64 | 0.4.0 | 24.00 | 123.00 | 147.00 | OK | |
r-oldrel-macos-arm64 | 0.4.0 | 46.00 | NOTE | |||
r-oldrel-macos-x86_64 | 0.4.0 | 49.00 | NOTE | |||
r-oldrel-windows-ix86+x86_64 | 0.4.0 | 18.00 | 112.00 | 130.00 | OK |
Version: 0.4.0
Check: dependencies in R code
Result: NOTE
Namespaces in Imports field not imported from:
‘mice’ ‘tibble’
All declared Imports should be used.
Flavors: r-devel-linux-x86_64-fedora-clang, r-devel-linux-x86_64-fedora-gcc, r-release-macos-arm64, r-release-macos-x86_64, r-oldrel-macos-arm64, r-oldrel-macos-x86_64