CRAN Package Check Results for Package koRpus.lang.en

Last updated on 2023-09-29 18:54:38 CEST.

Flavor Version Tinstall Tcheck Ttotal Status Flags
r-devel-linux-x86_64-debian-clang 0.1-4 8.74 80.79 89.53 OK
r-devel-linux-x86_64-debian-gcc 0.1-4 6.76 60.54 67.30 OK
r-devel-linux-x86_64-fedora-clang 0.1-4 108.19 NOTE
r-devel-linux-x86_64-fedora-gcc 0.1-4 107.67 NOTE
r-devel-windows-x86_64 0.1-4 9.00 74.00 83.00 OK
r-patched-linux-x86_64 0.1-4 9.67 76.32 85.99 OK
r-release-linux-x86_64 0.1-4 6.85 77.16 84.01 OK
r-release-macos-arm64 0.1-4 35.00 OK
r-release-macos-x86_64 0.1-4 56.00 OK
r-release-windows-x86_64 0.1-4 10.00 85.00 95.00 OK
r-oldrel-macos-arm64 0.1-4 31.00 NOTE
r-oldrel-macos-x86_64 0.1-4 46.00 NOTE
r-oldrel-windows-x86_64 0.1-4 11.00 87.00 98.00 OK

Check Details

Version: 0.1-4
Check: dependencies in R code
Result: NOTE
    Namespace in Imports field not imported from: ‘methods’
     All declared Imports should be used.
Flavors: r-devel-linux-x86_64-fedora-clang, r-devel-linux-x86_64-fedora-gcc, r-oldrel-macos-arm64, r-oldrel-macos-x86_64