CRAN Package Check Results for Package knitLatex

Last updated on 2025-01-19 18:49:31 CET.

Flavor Version Tinstall Tcheck Ttotal Status Flags
r-devel-linux-x86_64-debian-clang 0.9.0 1.65 20.44 22.09 OK
r-devel-linux-x86_64-debian-gcc 0.9.0 1.44 16.72 18.16 OK
r-devel-linux-x86_64-fedora-clang 0.9.0 38.09 OK
r-devel-linux-x86_64-fedora-gcc 0.9.0 60.71 OK
r-devel-windows-x86_64 0.9.0 4.00 44.00 48.00 OK
r-patched-linux-x86_64 0.9.0 1.75 20.00 21.75 NOTE
r-release-linux-x86_64 0.9.0 1.42 19.77 21.19 NOTE
r-release-macos-arm64 0.9.0 27.00 NOTE
r-release-macos-x86_64 0.9.0 59.00 NOTE
r-release-windows-x86_64 0.9.0 4.00 46.00 50.00 NOTE
r-oldrel-macos-arm64 0.9.0 27.00 NOTE
r-oldrel-macos-x86_64 0.9.0 41.00 NOTE
r-oldrel-windows-x86_64 0.9.0 3.00 44.00 47.00 NOTE

Check Details

Version: 0.9.0
Check: LazyData
Result: NOTE 'LazyData' is specified without a 'data' directory Flavors: r-patched-linux-x86_64, r-release-linux-x86_64, r-release-macos-arm64, r-release-macos-x86_64, r-release-windows-x86_64, r-oldrel-macos-arm64, r-oldrel-macos-x86_64, r-oldrel-windows-x86_64