CRAN Package Check Results for Package klustR

Last updated on 2024-06-24 21:56:49 CEST.

Flavor Version Tinstall Tcheck Ttotal Status Flags
r-devel-linux-x86_64-debian-clang 0.1.0 3.07 29.91 32.98 NOTE
r-devel-linux-x86_64-debian-gcc 0.1.0 2.21 22.80 25.01 NOTE
r-devel-linux-x86_64-fedora-clang 0.1.0 42.32 NOTE
r-devel-linux-x86_64-fedora-gcc 0.1.0 39.48 NOTE
r-devel-windows-x86_64 0.1.0 5.00 45.00 50.00 NOTE
r-patched-linux-x86_64 0.1.0 3.45 29.03 32.48 NOTE
r-release-linux-x86_64 0.1.0 3.19 28.69 31.88 NOTE
r-release-macos-arm64 0.1.0 17.00 NOTE
r-release-macos-x86_64 0.1.0 23.00 NOTE
r-release-windows-x86_64 0.1.0 5.00 44.00 49.00 NOTE
r-oldrel-macos-arm64 0.1.0 21.00 NOTE
r-oldrel-macos-x86_64 0.1.0 23.00 NOTE
r-oldrel-windows-x86_64 0.1.0 5.00 45.00 50.00 NOTE

Check Details

Version: 0.1.0
Check: LazyData
Result: NOTE 'LazyData' is specified without a 'data' directory Flavors: r-devel-linux-x86_64-debian-clang, r-devel-linux-x86_64-debian-gcc, r-devel-linux-x86_64-fedora-clang, r-devel-linux-x86_64-fedora-gcc, r-devel-windows-x86_64, r-patched-linux-x86_64, r-release-linux-x86_64, r-release-macos-arm64, r-release-macos-x86_64, r-release-windows-x86_64, r-oldrel-macos-arm64, r-oldrel-macos-x86_64, r-oldrel-windows-x86_64