CRAN Package Check Results for Package kitagawa

Last updated on 2024-06-19 00:49:31 CEST.

Flavor Version Tinstall Tcheck Ttotal Status Flags
r-devel-linux-x86_64-debian-clang 3.1.2 3.64 72.90 76.54 OK
r-devel-linux-x86_64-debian-gcc 3.1.2 4.23 55.92 60.15 OK
r-devel-linux-x86_64-fedora-clang 3.1.2 101.29 OK
r-devel-linux-x86_64-fedora-gcc 3.1.2 109.72 OK
r-devel-windows-x86_64 3.1.2 6.00 92.00 98.00 OK
r-patched-linux-x86_64 3.1.2 10.08 70.84 80.92 OK
r-release-linux-x86_64 3.1.2 5.72 71.12 76.84 OK
r-release-macos-arm64 3.1.2 40.00 OK
r-release-macos-x86_64 3.1.2 71.00 WARN
r-release-windows-x86_64 3.1.2 5.00 93.00 98.00 OK
r-oldrel-macos-arm64 3.1.2 44.00 OK
r-oldrel-macos-x86_64 3.1.2 80.00 OK
r-oldrel-windows-x86_64 3.1.2 7.00 98.00 105.00 OK

Check Details

Version: 3.1.2
Check: re-building of vignette outputs
Result: WARN Error(s) in re-building vignettes: --- re-building ‘Tohoku.Rmd’ using rmarkdown --- finished re-building ‘Tohoku.Rmd’ --- re-building ‘ResponseModels-knitr.Rnw’ using knitr --- finished re-building ‘ResponseModels-knitr.Rnw’ /Library/Frameworks/R.framework/Resources/bin/Rscript -e "if (getRversion() < '3.0.0') knitr::knit2pdf('ResponseModels-knitr.Rnw') else tools::texi2pdf('ResponseModels-knitr.tex')" Error in texi2dvi(file = file, pdf = TRUE, clean = clean, quiet = quiet, : Running 'texi2dvi' on 'ResponseModels-knitr.tex' failed. LaTeX errors: ! Undefined control sequence. l.171 \hlkwd{library}\hldef {(RColorBrewer)} ? ! Emergency stop. ! Emergency stop. l.171 End of file on the terminal! ! ==> Fatal error occurred, no output PDF file produced! Calls: <Anonymous> -> texi2dvi Execution halted make: *** [ResponseModels-knitr.pdf] Error 1 Error in tools::buildVignettes(dir = "/Volumes/Builds/packages/big-sur-x86_64/results/4.4/kitagawa.Rcheck/vign_test/kitagawa", : running 'make' failed Execution halted Flavor: r-release-macos-x86_64