CRAN Package Check Results for Package kibior

Last updated on 2022-08-15 12:54:01 CEST.

Flavor Version Tinstall Tcheck Ttotal Status Flags
r-devel-linux-x86_64-debian-clang 0.1.1 12.69 83.45 96.14 NOTE
r-devel-linux-x86_64-debian-gcc 0.1.1 9.52 61.84 71.36 NOTE
r-devel-linux-x86_64-fedora-clang 0.1.1 123.78 NOTE
r-devel-linux-x86_64-fedora-gcc 0.1.1 119.79 NOTE
r-devel-windows-x86_64 0.1.1 38.00 119.00 157.00 NOTE
r-patched-linux-x86_64 0.1.1 16.23 77.77 94.00 NOTE
r-release-linux-x86_64 0.1.1 7.74 78.79 86.53 NOTE
r-release-macos-arm64 0.1.1 36.00 NOTE
r-release-macos-x86_64 0.1.1 62.00 NOTE
r-release-windows-x86_64 0.1.1 48.00 119.00 167.00 NOTE
r-oldrel-macos-arm64 0.1.1 45.00 NOTE
r-oldrel-macos-x86_64 0.1.1 60.00 NOTE
r-oldrel-windows-ix86+x86_64 0.1.1 26.00 102.00 128.00 NOTE

Check Details

Version: 0.1.1
Check: LazyData
Result: NOTE
     'LazyData' is specified without a 'data' directory
Flavors: r-devel-linux-x86_64-debian-clang, r-devel-linux-x86_64-debian-gcc, r-devel-linux-x86_64-fedora-clang, r-devel-linux-x86_64-fedora-gcc, r-devel-windows-x86_64, r-patched-linux-x86_64, r-release-linux-x86_64, r-release-macos-arm64, r-release-macos-x86_64, r-release-windows-x86_64, r-oldrel-macos-arm64, r-oldrel-macos-x86_64, r-oldrel-windows-ix86+x86_64

Version: 0.1.1
Check: installed package size
Result: NOTE
     installed size is 5.0Mb
     sub-directories of 1Mb or more:
     doc 3.2Mb
     extdata 1.2Mb
Flavor: r-devel-linux-x86_64-fedora-clang

Version: 0.1.1
Check: dependencies in R code
Result: NOTE
    Namespaces in Imports field not imported from:
     ‘Biostrings’ ‘Rsamtools’ ‘rtracklayer’
     All declared Imports should be used.
Flavors: r-devel-linux-x86_64-fedora-clang, r-devel-linux-x86_64-fedora-gcc, r-release-macos-arm64, r-release-macos-x86_64, r-oldrel-macos-arm64, r-oldrel-macos-x86_64