Last updated on 2023-01-29 12:55:32 CET.
Flavor | Version | Tinstall | Tcheck | Ttotal | Status | Flags |
---|---|---|---|---|---|---|
r-devel-linux-x86_64-debian-clang | 0.1.2 | 113.57 | 137.81 | 251.38 | OK | |
r-devel-linux-x86_64-debian-gcc | 0.1.2 | 107.29 | 108.83 | 216.12 | NOTE | |
r-devel-linux-x86_64-fedora-clang | 0.1.2 | 347.27 | NOTE | |||
r-devel-linux-x86_64-fedora-gcc | 0.1.2 | 378.11 | NOTE | |||
r-devel-windows-x86_64 | 0.1.2 | 116.00 | 212.00 | 328.00 | NOTE | |
r-patched-linux-x86_64 | 0.1.2 | 116.56 | 136.59 | 253.15 | OK | |
r-release-linux-x86_64 | 0.1.2 | 114.56 | 138.73 | 253.29 | OK | |
r-release-macos-arm64 | 0.1.2 | 106.00 | NOTE | |||
r-release-macos-x86_64 | 0.1.2 | 125.00 | NOTE | |||
r-release-windows-x86_64 | 0.1.2 | 109.00 | 217.00 | 326.00 | OK | |
r-oldrel-macos-arm64 | 0.1.2 | 122.00 | NOTE | |||
r-oldrel-macos-x86_64 | 0.1.2 | 120.00 | NOTE | |||
r-oldrel-windows-ix86+x86_64 | 0.1.2 | 272.00 | 249.00 | 521.00 | OK |
Version: 0.1.2
Check: C++ specification
Result: NOTE
Specified C++11: please update to current default of C++17
Flavors: r-devel-linux-x86_64-debian-gcc, r-devel-linux-x86_64-fedora-gcc, r-devel-windows-x86_64
Version: 0.1.2
Check: dependencies in R code
Result: NOTE
Namespace in Imports field not imported from: ‘RcppProgress’
All declared Imports should be used.
Flavors: r-devel-linux-x86_64-fedora-clang, r-devel-linux-x86_64-fedora-gcc, r-release-macos-arm64, r-release-macos-x86_64, r-oldrel-macos-arm64, r-oldrel-macos-x86_64
Version: 0.1.2
Check: installed package size
Result: NOTE
installed size is 16.5Mb
sub-directories of 1Mb or more:
libs 16.1Mb
Flavors: r-release-macos-arm64, r-release-macos-x86_64, r-oldrel-macos-arm64, r-oldrel-macos-x86_64