CRAN Package Check Results for Package keyToEnglish

Last updated on 2024-06-13 12:49:44 CEST.

Flavor Version Tinstall Tcheck Ttotal Status Flags
r-devel-linux-x86_64-debian-clang 0.2.1 3.23 28.25 31.48 NOTE
r-devel-linux-x86_64-debian-gcc 0.2.1 0.37 1.70 2.07 ERROR
r-devel-linux-x86_64-fedora-clang 0.2.1 39.06 NOTE
r-devel-linux-x86_64-fedora-gcc 0.2.1 37.02 NOTE
r-devel-windows-x86_64 0.2.1 4.00 46.00 50.00 NOTE
r-patched-linux-x86_64 0.2.1 2.98 27.63 30.61 NOTE
r-release-linux-x86_64 0.2.1 2.97 26.56 29.53 NOTE
r-release-macos-arm64 0.2.1 18.00 NOTE
r-release-macos-x86_64 0.2.1 24.00 NOTE
r-release-windows-x86_64 0.2.1 4.00 48.00 52.00 NOTE
r-oldrel-macos-arm64 0.2.1 17.00 NOTE
r-oldrel-macos-x86_64 0.2.1 25.00 NOTE
r-oldrel-windows-x86_64 0.2.1 5.00 49.00 54.00 NOTE

Check Details

Version: 0.2.1
Check: package subdirectories
Result: NOTE Problems with news in ‘NEWS.md’: Cannot extract version info from the following section titles: Minor Changes Flavors: r-devel-linux-x86_64-debian-clang, r-devel-linux-x86_64-fedora-clang, r-devel-linux-x86_64-fedora-gcc, r-devel-windows-x86_64, r-patched-linux-x86_64, r-release-linux-x86_64, r-release-macos-arm64, r-release-macos-x86_64, r-release-windows-x86_64, r-oldrel-macos-arm64, r-oldrel-macos-x86_64, r-oldrel-windows-x86_64

Version: 0.2.1
Check: package dependencies
Result: ERROR Package required but not available: ‘stringr’ Package suggested but not available for checking: ‘testthat’ See section ‘The DESCRIPTION file’ in the ‘Writing R Extensions’ manual. Flavor: r-devel-linux-x86_64-debian-gcc