CRAN Package Check Results for Package kernelPhil

Last updated on 2022-09-28 12:55:20 CEST.

Flavor Version Tinstall Tcheck Ttotal Status Flags
r-devel-linux-x86_64-debian-clang 0.1 7.32 72.23 79.55 NOTE
r-devel-linux-x86_64-debian-gcc 0.1 5.14 54.42 59.56 NOTE
r-devel-linux-x86_64-fedora-clang 0.1 108.65 NOTE
r-devel-linux-x86_64-fedora-gcc 0.1 101.61 NOTE
r-devel-windows-x86_64 0.1 18.00 99.00 117.00 NOTE
r-patched-linux-x86_64 0.1 4.85 68.45 73.30 NOTE
r-release-linux-x86_64 0.1 4.28 68.40 72.68 NOTE
r-release-macos-arm64 0.1 31.00 NOTE
r-release-macos-x86_64 0.1 51.00 NOTE
r-release-windows-x86_64 0.1 22.00 99.00 121.00 NOTE
r-oldrel-macos-arm64 0.1 35.00 NOTE
r-oldrel-macos-x86_64 0.1 56.00 NOTE
r-oldrel-windows-ix86+x86_64 0.1 18.00 90.00 108.00 NOTE

Check Details

Version: 0.1
Check: LazyData
Result: NOTE
     'LazyData' is specified without a 'data' directory
Flavors: r-devel-linux-x86_64-debian-clang, r-devel-linux-x86_64-debian-gcc, r-devel-linux-x86_64-fedora-clang, r-devel-linux-x86_64-fedora-gcc, r-devel-windows-x86_64, r-patched-linux-x86_64, r-release-linux-x86_64, r-release-macos-arm64, r-release-macos-x86_64, r-release-windows-x86_64, r-oldrel-macos-arm64, r-oldrel-macos-x86_64, r-oldrel-windows-ix86+x86_64