CRAN Package Check Results for Package kendallRandomWalks

Last updated on 2022-08-13 12:55:17 CEST.

Flavor Version Tinstall Tcheck Ttotal Status Flags
r-devel-linux-x86_64-debian-clang 0.9.4 6.45 187.90 194.35 NOTE
r-devel-linux-x86_64-debian-gcc 0.9.4 5.48 129.43 134.91 NOTE
r-devel-linux-x86_64-fedora-clang 0.9.4 230.49 NOTE
r-devel-linux-x86_64-fedora-gcc 0.9.4 234.08 NOTE
r-devel-windows-x86_64 0.9.4 115.00 193.00 308.00 NOTE
r-patched-linux-x86_64 0.9.4 6.10 179.97 186.07 NOTE
r-release-linux-x86_64 0.9.4 5.26 176.55 181.81 NOTE
r-release-macos-arm64 0.9.4 52.00 NOTE
r-release-macos-x86_64 0.9.4 97.00 NOTE
r-release-windows-x86_64 0.9.4 165.00 203.00 368.00 NOTE
r-oldrel-macos-arm64 0.9.4 66.00 NOTE
r-oldrel-macos-x86_64 0.9.4 106.00 NOTE
r-oldrel-windows-ix86+x86_64 0.9.4 16.00 184.00 200.00 NOTE

Check Details

Version: 0.9.4
Check: LazyData
Result: NOTE
     'LazyData' is specified without a 'data' directory
Flavors: r-devel-linux-x86_64-debian-clang, r-devel-linux-x86_64-debian-gcc, r-devel-linux-x86_64-fedora-clang, r-devel-linux-x86_64-fedora-gcc, r-devel-windows-x86_64, r-patched-linux-x86_64, r-release-linux-x86_64, r-release-macos-arm64, r-release-macos-x86_64, r-release-windows-x86_64, r-oldrel-macos-arm64, r-oldrel-macos-x86_64, r-oldrel-windows-ix86+x86_64