CRAN Package Check Results for Package kableExtra

Last updated on 2023-09-29 06:54:59 CEST.

Flavor Version Tinstall Tcheck Ttotal Status Flags
r-devel-linux-x86_64-debian-clang 1.3.4 10.40 97.74 108.14 NOTE
r-devel-linux-x86_64-debian-gcc 1.3.4 7.56 74.65 82.21 NOTE
r-devel-linux-x86_64-fedora-clang 1.3.4 147.24 NOTE
r-devel-linux-x86_64-fedora-gcc 1.3.4 155.16 NOTE
r-devel-windows-x86_64 1.3.4 10.00 127.00 137.00 NOTE
r-patched-linux-x86_64 1.3.4 10.05 96.27 106.32 NOTE
r-release-linux-x86_64 1.3.4 9.25 96.79 106.04 NOTE
r-release-macos-arm64 1.3.4 58.00 NOTE
r-release-macos-x86_64 1.3.4 86.00 NOTE
r-release-windows-x86_64 1.3.4 15.00 184.00 199.00 NOTE
r-oldrel-macos-arm64 1.3.4 44.00 NOTE
r-oldrel-macos-x86_64 1.3.4 58.00 NOTE
r-oldrel-windows-x86_64 1.3.4 14.00 128.00 142.00 NOTE

Check Details

Version: 1.3.4
Check: LazyData
Result: NOTE
     'LazyData' is specified without a 'data' directory
Flavors: r-devel-linux-x86_64-debian-clang, r-devel-linux-x86_64-debian-gcc, r-devel-linux-x86_64-fedora-clang, r-devel-linux-x86_64-fedora-gcc, r-devel-windows-x86_64, r-patched-linux-x86_64, r-release-linux-x86_64, r-release-macos-arm64, r-release-macos-x86_64, r-release-windows-x86_64, r-oldrel-macos-arm64, r-oldrel-macos-x86_64, r-oldrel-windows-x86_64