CRAN Package Check Results for Package juicr

Last updated on 2022-09-26 00:50:34 CEST.

Flavor Version Tinstall Tcheck Ttotal Status Flags
r-devel-linux-x86_64-debian-clang 0.1 10.52 75.60 86.12 NOTE
r-devel-linux-x86_64-debian-gcc 0.1 6.92 57.26 64.18 NOTE
r-devel-linux-x86_64-fedora-clang 0.1 113.09 NOTE
r-devel-linux-x86_64-fedora-gcc 0.1 109.86 NOTE
r-devel-windows-x86_64 0.1 22.00 90.00 112.00 NOTE
r-patched-linux-x86_64 0.1 10.59 82.26 92.85 OK
r-release-linux-x86_64 0.1 10.58 82.75 93.33 OK
r-release-macos-arm64 0.1 59.00 OK
r-release-macos-x86_64 0.1 85.00 OK
r-release-windows-x86_64 0.1 20.00 96.00 116.00 OK
r-oldrel-macos-arm64 0.1 51.00 NOTE
r-oldrel-macos-x86_64 0.1 79.00 OK
r-oldrel-windows-ix86+x86_64 0.1 20.00 86.00 106.00 OK

Check Details

Version: 0.1
Check: package subdirectories
Result: NOTE
    Problems with news in 'NEWS.md':
     Cannot extract version info from the following section titles:
     pre-release juicr (2017 - 2021)
Flavors: r-devel-linux-x86_64-debian-clang, r-devel-linux-x86_64-debian-gcc, r-devel-linux-x86_64-fedora-clang, r-devel-linux-x86_64-fedora-gcc, r-devel-windows-x86_64

Version: 0.1
Check: package dependencies
Result: NOTE
    Package suggested but not available for checking: ‘EBImage’
Flavor: r-oldrel-macos-arm64