Last updated on 2021-04-09 19:49:30 CEST.
Flavor | Version | Tinstall | Tcheck | Ttotal | Status | Flags |
---|---|---|---|---|---|---|
r-devel-linux-x86_64-debian-clang | 0.2.2 | 29.53 | 64.75 | 94.28 | NOTE | |
r-devel-linux-x86_64-debian-gcc | 0.2.2 | 30.08 | 48.96 | 79.04 | NOTE | |
r-devel-linux-x86_64-fedora-clang | 0.2.2 | 126.72 | NOTE | |||
r-devel-linux-x86_64-fedora-gcc | 0.2.2 | 114.38 | NOTE | |||
r-devel-windows-ix86+x86_64 | 0.2.2 | 42.00 | 61.00 | 103.00 | NOTE | |
r-devel-windows-x86_64-gcc10-UCRT | 0.2.2 | NOTE | ||||
r-patched-linux-x86_64 | 0.2.2 | 30.13 | 58.50 | 88.63 | OK | |
r-patched-solaris-x86 | 0.2.2 | 214.20 | NOTE | |||
r-release-linux-x86_64 | 0.2.2 | OK | ||||
r-release-macos-x86_64 | 0.2.2 | NOTE | ||||
r-release-windows-ix86+x86_64 | 0.2.2 | 37.00 | 90.00 | 127.00 | OK | |
r-oldrel-macos-x86_64 | 0.2.2 | ERROR |
Version: 0.2.2
Check: LazyData
Result: NOTE
'LazyData' is specified without a 'data' directory
Flavors: r-devel-linux-x86_64-debian-clang, r-devel-linux-x86_64-debian-gcc, r-devel-linux-x86_64-fedora-clang, r-devel-linux-x86_64-fedora-gcc, r-devel-windows-ix86+x86_64, r-devel-windows-x86_64-gcc10-UCRT
Version: 0.2.2
Check: dependencies in R code
Result: NOTE
Namespaces in Imports field not imported from:
‘stringi’ ‘usethis’
All declared Imports should be used.
Flavors: r-devel-linux-x86_64-fedora-clang, r-devel-linux-x86_64-fedora-gcc, r-devel-windows-x86_64-gcc10-UCRT, r-patched-solaris-x86, r-release-macos-x86_64
Version: 0.2.2
Check: whether package can be installed
Result: ERROR
Installation failed.
Flavor: r-oldrel-macos-x86_64