CRAN Package Check Results for Package joinet

Last updated on 2022-09-27 07:50:45 CEST.

Flavor Version Tinstall Tcheck Ttotal Status Flags
r-devel-linux-x86_64-debian-clang 0.0.10 2.60 74.41 77.01 NOTE
r-devel-linux-x86_64-debian-gcc 0.0.10 2.52 54.77 57.29 NOTE
r-devel-linux-x86_64-fedora-clang 0.0.10 104.36 NOTE
r-devel-linux-x86_64-fedora-gcc 0.0.10 98.10 NOTE
r-devel-windows-x86_64 0.0.10 9.00 114.00 123.00 NOTE
r-patched-linux-x86_64 0.0.10 3.02 69.37 72.39 NOTE
r-release-linux-x86_64 0.0.10 3.01 68.39 71.40 NOTE
r-release-macos-arm64 0.0.10 32.00 NOTE
r-release-macos-x86_64 0.0.10 43.00 NOTE
r-release-windows-x86_64 0.0.10 9.00 118.00 127.00 NOTE
r-oldrel-macos-arm64 0.0.10 39.00 NOTE
r-oldrel-macos-x86_64 0.0.10 45.00 NOTE
r-oldrel-windows-ix86+x86_64 0.0.10 7.00 98.00 105.00 OK

Check Details

Version: 0.0.10
Check: package dependencies
Result: NOTE
    Package which this enhances but not available for checking: 'remMap'
Flavors: r-devel-linux-x86_64-debian-clang, r-devel-linux-x86_64-debian-gcc, r-devel-linux-x86_64-fedora-clang, r-devel-linux-x86_64-fedora-gcc, r-devel-windows-x86_64, r-patched-linux-x86_64, r-release-linux-x86_64, r-release-macos-arm64, r-release-windows-x86_64

Version: 0.0.10
Check: package dependencies
Result: NOTE
    Packages which this enhances but not available for checking:
     'remMap', 'MultivariateRandomForest'
Flavor: r-release-macos-x86_64

Version: 0.0.10
Check: package dependencies
Result: NOTE
    Package which this enhances but not available for checking: ‘MRCE’
Flavors: r-oldrel-macos-arm64, r-oldrel-macos-x86_64