CRAN Package Check Results for Package jiebaR

Last updated on 2020-05-28 07:47:59 CEST.

Flavor Version Tinstall Tcheck Ttotal Status Flags
r-devel-linux-x86_64-debian-clang 0.11 87.96 58.31 146.27 OK
r-devel-linux-x86_64-debian-gcc 0.11 58.07 48.13 106.20 OK
r-devel-linux-x86_64-fedora-clang 0.11 193.23 NOTE
r-devel-linux-x86_64-fedora-gcc 0.11 170.17 OK
r-devel-windows-ix86+x86_64 0.11 175.00 122.00 297.00 OK
r-patched-linux-x86_64 0.11 59.39 59.49 118.88 OK
r-patched-solaris-x86 0.11 196.40 OK
r-release-linux-x86_64 0.11 59.81 59.02 118.83 OK
r-release-osx-x86_64 0.11 NOTE
r-release-windows-ix86+x86_64 0.11 148.00 159.00 307.00 OK
r-oldrel-osx-x86_64 0.11 NOTE
r-oldrel-windows-ix86+x86_64 0.11 173.00 157.00 330.00 OK

Check Details

Version: 0.11
Check: installed package size
Result: NOTE
     installed size is 6.8Mb
     sub-directories of 1Mb or more:
     libs 6.3Mb
Flavors: r-devel-linux-x86_64-fedora-clang, r-release-osx-x86_64, r-oldrel-osx-x86_64