CRAN Package Check Results for Package japanstat

Last updated on 2022-08-15 01:50:54 CEST.

Flavor Version Tinstall Tcheck Ttotal Status Flags
r-devel-linux-x86_64-debian-clang 0.1.0 5.90 55.35 61.25 OK
r-devel-linux-x86_64-debian-gcc 0.1.0 4.39 40.75 45.14 OK
r-devel-linux-x86_64-fedora-clang 0.1.0 81.99 NOTE
r-devel-linux-x86_64-fedora-gcc 0.1.0 81.72 NOTE
r-devel-windows-x86_64 0.1.0 13.00 80.00 93.00 OK
r-patched-linux-x86_64 0.1.0 3.80 50.88 54.68 OK
r-release-linux-x86_64 0.1.0 5.37 52.19 57.56 OK
r-release-macos-arm64 0.1.0 22.00 NOTE
r-release-macos-x86_64 0.1.0 46.00 NOTE
r-release-windows-x86_64 0.1.0 9.00 86.00 95.00 OK
r-oldrel-macos-arm64 0.1.0 128.00 NOTE
r-oldrel-macos-x86_64 0.1.0 34.00 NOTE
r-oldrel-windows-ix86+x86_64 0.1.0 15.00 73.00 88.00 OK

Check Details

Version: 0.1.0
Check: data for non-ASCII characters
Result: NOTE
     Note: found 1984 marked UTF-8 strings
Flavors: r-devel-linux-x86_64-fedora-clang, r-devel-linux-x86_64-fedora-gcc, r-release-macos-arm64, r-release-macos-x86_64, r-oldrel-macos-arm64, r-oldrel-macos-x86_64