CRAN Package Check Results for Package janeaustenr

Last updated on 2022-10-01 13:51:33 CEST.

Flavor Version Tinstall Tcheck Ttotal Status Flags
r-devel-linux-x86_64-debian-clang 1.0.0 3.51 27.21 30.72 OK
r-devel-linux-x86_64-debian-gcc 1.0.0 2.88 21.69 24.57 OK
r-devel-linux-x86_64-fedora-clang 1.0.0 51.30 NOTE
r-devel-linux-x86_64-fedora-gcc 1.0.0 47.97 NOTE
r-devel-windows-x86_64 1.0.0 21.00 57.00 78.00 OK
r-patched-linux-x86_64 1.0.0 3.17 26.58 29.75 OK
r-release-linux-x86_64 1.0.0 2.97 26.17 29.14 OK
r-release-macos-arm64 1.0.0 27.00 NOTE
r-release-macos-x86_64 1.0.0 38.00 NOTE
r-release-windows-x86_64 1.0.0 22.00 52.00 74.00 OK
r-oldrel-macos-arm64 1.0.0 31.00 NOTE
r-oldrel-macos-x86_64 1.0.0 42.00 NOTE
r-oldrel-windows-ix86+x86_64 1.0.0 7.00 49.00 56.00 OK

Check Details

Version: 1.0.0
Check: data for non-ASCII characters
Result: NOTE
     Note: found 1 marked UTF-8 string
Flavors: r-devel-linux-x86_64-fedora-clang, r-devel-linux-x86_64-fedora-gcc, r-release-macos-arm64, r-release-macos-x86_64, r-oldrel-macos-arm64, r-oldrel-macos-x86_64