CRAN Package Check Results for Package jackalope

Last updated on 2022-10-05 21:53:36 CEST.

Flavor Version Tinstall Tcheck Ttotal Status Flags
r-devel-linux-x86_64-debian-clang 1.1.3 302.21 57.74 359.95 NOTE
r-devel-linux-x86_64-debian-gcc 1.1.3 256.86 43.50 300.36 NOTE
r-devel-linux-x86_64-fedora-clang 1.1.3 552.34 NOTE
r-devel-linux-x86_64-fedora-gcc 1.1.3 512.96 NOTE
r-devel-windows-x86_64 1.1.3 285.00 169.00 454.00 NOTE
r-patched-linux-x86_64 1.1.3 271.21 53.00 324.21 NOTE
r-release-linux-x86_64 1.1.3 269.95 51.94 321.89 NOTE
r-release-macos-arm64 1.1.3 123.00 NOTE
r-release-macos-x86_64 1.1.3 157.00 NOTE
r-release-windows-x86_64 1.1.3 276.00 164.00 440.00 NOTE
r-oldrel-macos-arm64 1.1.3 161.00 NOTE
r-oldrel-macos-x86_64 1.1.3 151.00 NOTE
r-oldrel-windows-ix86+x86_64 1.1.3 766.00 147.00 913.00 NOTE

Check Details

Version: 1.1.3
Check: for GNU extensions in Makefiles
Result: NOTE
    GNU make is a SystemRequirements.
Flavors: r-devel-linux-x86_64-debian-clang, r-devel-linux-x86_64-debian-gcc, r-devel-linux-x86_64-fedora-clang, r-devel-linux-x86_64-fedora-gcc, r-devel-windows-x86_64, r-patched-linux-x86_64, r-release-linux-x86_64, r-release-macos-arm64, r-release-macos-x86_64, r-release-windows-x86_64, r-oldrel-macos-arm64, r-oldrel-macos-x86_64, r-oldrel-windows-ix86+x86_64

Version: 1.1.3
Check: installed package size
Result: NOTE
     installed size is 10.8Mb
     sub-directories of 1Mb or more:
     art_profiles 1.5Mb
     libs 8.5Mb
Flavors: r-devel-windows-x86_64, r-release-macos-arm64, r-release-macos-x86_64, r-release-windows-x86_64, r-oldrel-macos-arm64, r-oldrel-macos-x86_64, r-oldrel-windows-ix86+x86_64