Last updated on 2023-10-02 19:11:12 CEST.
Flavor | Version | Tinstall | Tcheck | Ttotal | Status | Flags |
---|---|---|---|---|---|---|
r-devel-linux-x86_64-debian-clang | 5.3.0 | 96.01 | 1376.47 | 1472.48 | WARN | |
r-devel-linux-x86_64-debian-gcc | 5.3.0 | 69.80 | 125.43 | 195.23 | OK | |
r-devel-linux-x86_64-fedora-clang | 5.3.0 | 348.65 | OK | |||
r-devel-linux-x86_64-fedora-gcc | 5.3.0 | 355.25 | OK | |||
r-devel-windows-x86_64 | 5.3.0 | 74.00 | 154.00 | 228.00 | OK | |
r-patched-linux-x86_64 | 5.3.0 | 64.88 | 163.69 | 228.57 | OK | |
r-release-linux-x86_64 | 5.3.0 | 71.44 | 164.57 | 236.01 | OK | |
r-release-macos-arm64 | 5.3.0 | 78.00 | OK | |||
r-release-macos-x86_64 | 5.3.0 | 188.00 | OK | |||
r-release-windows-x86_64 | 5.3.0 | 97.00 | 193.00 | 290.00 | OK | |
r-oldrel-macos-arm64 | 5.3.0 | 80.00 | OK | |||
r-oldrel-macos-x86_64 | 5.3.0 | 116.00 | OK | |||
r-oldrel-windows-x86_64 | 5.3.0 | 100.00 | 185.00 | 285.00 | OK |
Version: 5.3.0
Check: for code/documentation mismatches
Result: WARN
Assertion failure at kmp_runtime.cpp(6918): temp_reg_status_file_name.
Assertion failure at kmp_runtime.cpp(6918): temp_reg_status_file_name.
Killed
Flavor: r-devel-linux-x86_64-debian-clang