CRAN Package Check Results for Package jSDM

Last updated on 2022-09-30 21:48:59 CEST.

Flavor Version Tinstall Tcheck Ttotal Status Flags
r-devel-linux-x86_64-debian-clang 0.2.1 818.38 211.83 1030.21 OK
r-devel-linux-x86_64-debian-gcc 0.2.1 676.15 158.43 834.58 OK
r-devel-linux-x86_64-fedora-clang 0.2.1 1581.71 OK
r-devel-linux-x86_64-fedora-gcc 0.2.1 1388.12 OK
r-devel-windows-x86_64 0.2.1 742.00 344.00 1086.00 OK
r-patched-linux-x86_64 0.2.1 717.53 176.76 894.29 OK
r-release-linux-x86_64 0.2.1 724.57 205.86 930.43 OK
r-release-macos-arm64 0.2.1 332.00 NOTE
r-release-macos-x86_64 0.2.1 467.00 NOTE
r-release-windows-x86_64 0.2.1 613.00 356.00 969.00 OK
r-oldrel-macos-arm64 0.2.1 287.00 NOTE
r-oldrel-macos-x86_64 0.2.1 445.00 NOTE
r-oldrel-windows-ix86+x86_64 0.2.1 2055.00 664.00 2719.00 NOTE

Check Details

Version: 0.2.1
Check: installed package size
Result: NOTE
     installed size is 29.6Mb
     sub-directories of 1Mb or more:
     libs 28.1Mb
Flavors: r-release-macos-arm64, r-release-macos-x86_64, r-oldrel-macos-arm64, r-oldrel-macos-x86_64, r-oldrel-windows-ix86+x86_64

Version: 0.2.1
Check: package dependencies
Result: NOTE
    Package suggested but not available for checking: ‘boral’
Flavor: r-release-macos-x86_64