CRAN Package Check Results for Package jSDM

Last updated on 2020-08-10 22:49:34 CEST.

Flavor Version Tinstall Tcheck Ttotal Status Flags
r-devel-linux-x86_64-debian-clang 0.1.0 65.22 82.25 147.47 OK
r-devel-linux-x86_64-debian-gcc 0.1.0 44.50 61.34 105.84 OK
r-devel-linux-x86_64-fedora-clang 0.1.0 193.87 NOTE
r-devel-linux-x86_64-fedora-gcc 0.1.0 176.97 NOTE
r-devel-windows-ix86+x86_64 0.1.0 154.00 194.00 348.00 OK
r-patched-linux-x86_64 0.1.0 48.86 78.94 127.80 OK
r-patched-solaris-x86 0.1.0 215.00 OK
r-release-linux-x86_64 0.1.0 52.78 79.03 131.81 OK
r-release-macos-x86_64 0.1.0 NOTE
r-release-windows-ix86+x86_64 0.1.0 157.00 179.00 336.00 OK
r-oldrel-macos-x86_64 0.1.0 NOTE
r-oldrel-windows-ix86+x86_64 0.1.0 97.00 147.00 244.00 OK

Check Details

Version: 0.1.0
Check: top-level files
Result: NOTE
    ‘cleanup’: /bin/bash is not portable
Flavors: r-devel-linux-x86_64-fedora-clang, r-devel-linux-x86_64-fedora-gcc

Version: 0.1.0
Check: installed package size
Result: NOTE
     installed size is 6.0Mb
     sub-directories of 1Mb or more:
     doc 1.5Mb
     libs 4.2Mb
Flavors: r-release-macos-x86_64, r-oldrel-macos-x86_64