CRAN Package Check Results for Package ivitr

Last updated on 2022-10-03 18:52:10 CEST.

Flavor Version Tinstall Tcheck Ttotal Status Flags
r-devel-linux-x86_64-debian-clang 0.1.0 2.83 41.57 44.40 NOTE
r-devel-linux-x86_64-debian-gcc 0.1.0 2.38 31.75 34.13 NOTE
r-devel-linux-x86_64-fedora-clang 0.1.0 68.54 NOTE
r-devel-linux-x86_64-fedora-gcc 0.1.0 63.37 NOTE
r-devel-windows-x86_64 0.1.0 9.00 68.00 77.00 NOTE
r-patched-linux-x86_64 0.1.0 3.37 40.24 43.61 NOTE
r-release-linux-x86_64 0.1.0 2.40 39.30 41.70 NOTE
r-release-macos-arm64 0.1.0 21.00 NOTE
r-release-macos-x86_64 0.1.0 36.00 NOTE
r-release-windows-x86_64 0.1.0 8.00 65.00 73.00 NOTE
r-oldrel-macos-arm64 0.1.0 28.00 NOTE
r-oldrel-macos-x86_64 0.1.0 34.00 NOTE
r-oldrel-windows-ix86+x86_64 0.1.0 8.00 63.00 71.00 NOTE

Check Details

Version: 0.1.0
Check: package dependencies
Result: NOTE
    Package suggested but not available for checking: 'locClass'
Flavors: r-devel-linux-x86_64-debian-clang, r-devel-linux-x86_64-debian-gcc, r-devel-linux-x86_64-fedora-clang, r-devel-linux-x86_64-fedora-gcc, r-devel-windows-x86_64, r-patched-linux-x86_64, r-release-linux-x86_64, r-release-macos-arm64, r-release-macos-x86_64, r-release-windows-x86_64, r-oldrel-macos-arm64, r-oldrel-macos-x86_64, r-oldrel-windows-ix86+x86_64